et v be h(6). Calculate the highest common factor of v and 20.
20
Let x = 4 - -11. Suppose 3*o - 292 = 23. Calculate the highest common divisor of x and o.
15
Let k = 63 + -124. Let t = k + 101. What is the greatest common divisor of 5 and t?
5
Let i = -911 + 1716. Suppose 8*q = 3*q + i. What is the greatest common divisor of 23 and q?
23
Let j(i) = -4*i + 4. Let m be j(-10). Suppose -3*a + q - m = -8*a, -2*a + 20 = -2*q. Calculate the greatest common divisor of a and 27.
9
Let s = -11 - -13. Suppose -l + s*g + 63 = -0*l, -130 = -2*l + 5*g. What is the highest common divisor of 22 and l?
11
Let f(g) = -g**3 + 10*g**2 + 3*g - 7. Let v = -8 + 18. Let m be f(v). Calculate the highest common divisor of 69 and m.
23
Let t = 20 - 14. What is the greatest common factor of t and 42?
6
Let l(w) = 35*w - 2. Let j be l(1). Suppose -3*p - 1 = 5. Let v be (-2 - p) + 1 - -2. What is the greatest common divisor of v and j?
3
Suppose 5*n - 2*n - 90 = 0. Calculate the greatest common factor of 20 and n.
10
Let p = 233 + -97. Suppose -g = 4*m - 101, -6*m = -g - 3*m + p. What is the greatest common divisor of 11 and g?
11
Let i = -4 + 4. Suppose i = 2*c - 3 - 27. What is the highest common divisor of 10 and c?
5
Suppose 61*q + 55 = 66*q. Calculate the highest common factor of 44 and q.
11
Suppose -3*w = 5*k - 19, 2*w = -4*k - 0*w + 14. Suppose 3*f = k*i - 45, 0 = i - 3*f - 24. Calculate the greatest common factor of 7 and i.
7
Suppose 6*o = 16*o - 320. What is the highest common divisor of o and 144?
16
Let y = -6 - -50. Calculate the greatest common divisor of y and 110.
22
Suppose 0 = w - 3*p + 30, p = -w + 5*p - 32. Let f be (70/(-8))/(6/w). Suppose -f = -3*l - 5. Calculate the greatest common divisor of l and 10.
10
Let l = 130 - 67. Let g(q) = -4*q + 1. Let v be g(-2). What is the greatest common factor of v and l?
9
Suppose -2*d + 2 = 6. Let j = 0 + d. Let n = j + 11. Calculate the greatest common divisor of 45 and n.
9
Suppose -g - 2*g + 9 = 0. Let o be (-399)/(-12) - (-2)/(-8). Calculate the highest common factor of g and o.
3
Let y = 173 - 43. Suppose y = 5*r - 5*x, -3*x - 24 = -r - 0*x. Let z be 86/10 + (-4)/(-10). What is the greatest common factor of r and z?
9
Let d = -1 + 7. Suppose 2 = x - d. Suppose 7 + 9 = 4*p. Calculate the greatest common factor of p and x.
4
Let k be (0 - (-3)/(-3)) + 375. Calculate the highest common factor of 34 and k.
34
Let g(r) = 33*r + 15. Let k(f) = -8*f - 4. Let t(n) = -2*g(n) - 9*k(n). Let s be t(11). What is the highest common divisor of 8 and s?
8
Suppose 0 = 4*y + 4*l - 4 - 76, 4*y - l = 80. What is the greatest common factor of 10 and y?
10
Let m = -73 + 103. What is the highest common factor of 6 and m?
6
Let x(b) = b**3 - 7*b**2 + b - 6. Let g be x(7). Suppose 2*t - 14 = -2*a, 0 = 4*a + 5*t - 30 - g. Calculate the greatest common factor of 2 and a.
2
Suppose -3*d + 55 = -38. Calculate the highest common divisor of d and 93.
31
Let x(m) = m**2 - 6*m + 5. Let i be x(5). Let u = 0 + i. Suppose s + 1 - 7 = u. Calculate the greatest common divisor of 6 and s.
6
Let q(z) = 3*z**3 - 3*z**2 + 4*z. Let n be q(3). Suppose -n = -4*o + o. Calculate the highest common factor of 55 and o.
11
Let s = 6 + -3. Let a = s - 2. Suppose -12*g + 4*z + 20 = -8*g, -4*g - 5*z = -20. What is the highest common divisor of g and a?
1
Suppose -5*s + 19 = 2*t - 9, -t - 3*s + 16 = 0. Calculate the greatest common factor of 28 and t.
4
Let h = -29 + 65. Suppose -2*t + 0*r + 14 = -5*r, 22 = t + 5*r. What is the highest common divisor of t and h?
12
Let y be (-188)/36 - (-2)/9. Let i = y + 13. Suppose -h - i = -3*h. What is the highest common divisor of h and 32?
4
Suppose -2*v - m = 6 - 71, -m = -v + 40. Calculate the greatest common divisor of 5 and v.
5
Let s be 1*-5*(1 + -2). Let w be s + 2/((-4)/(-6)). Let p = -12 + 20. Calculate the greatest common factor of p and w.
8
Let z = 2 + 2. What is the greatest common factor of z and 10?
2
Let m be 2/(-4*(-2)/56). Let k = -2 + m. Calculate the greatest common divisor of k and 24.
12
Suppose -6*f = -14*f + 48. Calculate the greatest common factor of 42 and f.
6
Suppose 12 = m + 1. Let k(c) = 4*c**3 - c**3 + 55 - 2*c**3. Let d be k(0). What is the highest common divisor of m and d?
11
Suppose 0 = 3*i + v + 2*v - 57, i - 3 = 3*v. Let s(n) = 16*n**2 + 0*n + 4*n - 3*n. Let u be s(-1). What is the highest common factor of i and u?
15
Let p = -54 - -18. Let g = p - -50. What is the greatest common factor of 14 and g?
14
Suppose -u + 2*w - 6*w = -50, u + 2*w - 46 = 0. Suppose 8 + 12 = 4*j. Suppose -j = 2*s - 17. What is the highest common divisor of u and s?
6
Let t = -26 + 33. What is the greatest common factor of 35 and t?
7
Suppose 3*k - 40 - 8 = 0. Let q = k + 0. What is the highest common divisor of 8 and q?
8
Suppose 164 = 3*h - 208. Suppose -4*m + h = 20. What is the highest common divisor of m and 39?
13
Let u(t) = t**2 + 10. Let a be u(0). Calculate the greatest common factor of 5 and a.
5
Let n = 0 + 3. Let m(z) = 0*z + 2*z**3 - z**3 - 5 - n*z**2 - 2*z. Let x be m(4). What is the highest common factor of x and 6?
3
Let d = 10 - 8. Suppose 3*b + 15 = d*p, p + 4*p - 33 = 3*b. Let l(n) = 2*n**2 + 6*n + 1. Let u be l(-4). Calculate the highest common divisor of u and p.
3
Suppose -8*a = -3*a - 50. Suppose 0 = -2*s - 3*w + 65, 175 = -0*s + 5*s + 5*w. Calculate the highest common factor of s and a.
10
Suppose -3*i = -6*i + 18. Let h = 24 - 21. Suppose -h*j + 137 = 11. Calculate the highest common factor of i and j.
6
Suppose 5*y + 2*c - 3*c = 142, 3*c + 107 = 4*y. Calculate the highest common divisor of 29 and y.
29
Let c be (-59)/(-2) - 6/(-12). Suppose 4*n - c = 14. What is the highest common factor of n and 55?
11
Suppose -345 = -2*u + 5*i, 4*i = -0*i - 4. What is the greatest common factor of 68 and u?
34
Let n be 8/6*9*1. Suppose 4 = -w + 1. Let c(f) = -35*f + 3. Let q be c(w). Calculate the greatest common factor of n and q.
12
Suppose -3*i - 2*w = 4, 6*i = 2*i - w - 2. Suppose -3*a = -0*a. Suppose a = -i*z - 4*z + 16. Calculate the greatest common divisor of 4 and z.
4
Let i(a) = -63*a**2 + a + 4. Let j(u) = -63*u**2 + u + 5. Let f(b) = -6*i(b) + 5*j(b). Let q be f(1). What is the highest common divisor of q and 9?
9
Suppose 5*v + 27 - 127 = 0. Let c(w) = 50*w**2 - w + 1. Let r be c(1). What is the greatest common divisor of r and v?
10
Let y be 24*((-4)/(-8) - 0). Let i = y + -7. Calculate the greatest common divisor of i and 5.
5
Let t(o) = -3*o - 23. Let l be t(-10). Calculate the highest common factor of 7 and l.
7
Let k = 57 + -39. Let t be (-1 - 2) + 1 - -4. Suppose 3*z - 4*z = -t*c - k, 4*c = -20. What is the greatest common divisor of z and 8?
8
Let b(l) = -4*l**3 + 8*l**2 + 5*l - 6*l**3 + 11*l**3 - 6. Let c be b(-7). Let w = 70 + -50. Calculate the highest common divisor of w and c.
4
Let p(c) = c**3 + 8*c**2 + 3*c + 8. Let y be p(-7). What is the greatest common divisor of y and 9?
9
Let c = -15 + 30. Calculate the greatest common divisor of c and 30.
15
Let g(v) be the second derivative of -v**3/3 - v**2 - 4*v. Let m be g(-9). Calculate the highest common divisor of m and 16.
16
Suppose -j = -0 + 3. Let r = j - -8. Calculate the highest common divisor of 45 and r.
5
Let o = 9 - -40. What is the greatest common factor of 7 and o?
7
Let y(x) = x + 10. Let n be y(10). Calculate the highest common divisor of n and 180.
20
Let w(h) = h**3 + 9*h**2 + 5*h + 13. Let a be w(-8). What is the highest common factor of a and 148?
37
Suppose 4*x + 30 = 118. Suppose 0 = 2*q + 2*b - 46, 2*q - 29 = q + 5*b. Let y = -13 + q. Calculate the greatest common divisor of y and x.
11
Let x be 1/3 + 10/6. Let r(d) = 3*d**3 - 3*d**2 + 3*d - 2. Let k be r(x). Calculate the greatest common divisor of k and 16.
16
Let v = -86 + 110. Suppose -l - 3 = 0, 5*n - 3*l - 23 - 26 = 0. Let o be (-2)/(-8) - (-22)/n. Calculate the greatest common factor of v and o.
3
Suppose -86 = -2*l + 2*c + 172, 5*c - 615 = -5*l. Let a(s) = 6*s - 10. Let z be a(4). What is the highest common factor of z and l?
14
Let v be (88/(-66))/(-2*(-2)/(-36)). Let l be (-55)/(-3) + 2/(-6). Calculate the greatest common factor of l and v.
6
Suppose -5*t + 154 + 46 = 0. Let b(k) = -k**2 + k + 5. Let m be b(0). Suppose 5*n - y - 41 = 0, n = y +